-3*q + 28595 = -21*z + 16*z, -4*z + 38148 = 4*q. List the prime factors of q.
5, 1907
Suppose 3*x = q - 25829, -5*q + 240*x - 237*x + 129217 = 0. What are the prime factors of q?
25847
Let m(t) = -5*t**2 + 20*t - 15. Suppose z = 5*x - 9, 1 = x - 3. Let s be m(z). What are the prime factors of -1*s/5 - -5?
5, 17
Let l(v) = 81*v**3 - 12*v**2 - 13*v + 6. What are the prime factors of l(3)?
2, 3, 11, 31
Suppose -j - 227 = 3*j - 3*i, 5*i = -4*j - 219. Let b = j + 44. What are the prime factors of (-1168)/b + 1/(-3)?
97
Let d = 143800 + -96975. What are the prime factors of d?
5, 1873
Let p(j) = 2*j**3 - 49*j**2 - 72*j - 457. List the prime factors of p(38).
5, 7159
Suppose 9*w = 23393 + 23317. What are the prime factors of w?
2, 3, 5, 173
Let b(v) = -v**2 + 12*v - 6. Let s be b(8). Suppose s - 14 = 4*a. Suppose 28 = -a*o - 3*m + 322, -5*m = -20. What are the prime factors of o?
2, 47
Let q(s) = -s**3 + s**2 + 14*s + 4. Let v be q(-3). Let t(o) = -147*o + 4. Let b be t(v). Let y = b + -113. List the prime factors of y.
5, 37
Let r be -200*9 + -7*30/(-42). List the prime factors of (2 - r/(-10))/((-7)/14).
5, 71
Suppose 3*z = -a + 16122 - 2755, -3*z = 4*a - 53459. What are the prime factors of a?
2, 13, 257
Suppose a - 2*r - 8451 = 0, 12*r - 13*r = 5*a - 42288. What are the prime factors of a?
3, 2819
Let o(t) = -t**2 + 7*t + 27. Let y = -64 - -70. Let h be o(y). Let i = h + -1. List the prime factors of i.
2
Let d = 604 - 359. What are the prime factors of d?
5, 7
Suppose 4*m + 0 + 4 = 0. Let n be m - (1 + -2) - -3. What are the prime factors of 24 + 144 - (2 - n)*2?
2, 5, 17
Suppose 7*u - 303537 = 66644. What are the prime factors of u?
52883
Let h(x) = 8*x**2 - x - 6. Let z(w) = w**2. Let t(y) = -h(y) - 6*z(y). Let q be t(3). Let c = -72 - q. List the prime factors of c.
3, 5
Suppose 2*s - 3*l + 7*l - 112034 = 0, -3*l = -24. List the prime factors of s.
3, 11, 1697
Suppose -935 = 4*v - w + 2*w, 4*v + 950 = 2*w. Let u = v + 266. List the prime factors of u.
31
Suppose -o + 3*o - 3 = -c, 0 = 3*o + 3. Suppose -5*j + 5*y + 1830 = 0, 1860 = -0*j + c*j + y. What are the prime factors of j?
7, 53
Suppose 0 = -29*y + 259 + 379. What are the prime factors of (-4)/y - (1 + (-34202)/77)?
443
Let t(p) = -66*p**3 - 15*p**2 - 15*p - 36. What are the prime factors of t(-4)?
2, 3, 167
Let b = 98065 + -61291. What are the prime factors of b?
2, 3, 227
Suppose -u + 1816 = 104. Let w = u - 1204. What are the prime factors of w?
2, 127
Let z be -5*((7 - 6) + -2*1). Let c(y) = 4 - 5*y - 7*y - y + z*y. List the prime factors of c(-11).
2, 23
Let x(j) = -1326*j**2 + 3*j + 3. Let y be (-1)/(-2)*9/(9/(-2)). Let c be x(y). List the prime factors of 1/2 + c/(-12) + -5.
2, 53
List the prime factors of 4 + (-10 - (-10604 - (2 + 10))).
2, 5, 1061
Let m = 88643 + -48232. List the prime factors of m.
7, 23, 251
Suppose 2*j + 11*j = 3601. Suppose 85 = u - j. What are the prime factors of u?
2, 181
Let j(u) = 64*u - 2 + 94*u - 8 + 21*u. List the prime factors of j(4).
2, 353
Let r(d) be the second derivative of -d**4/6 + d**3/3 + 9*d**2/2 + 18*d. Let c be r(-5). Let p = c + 102. What are the prime factors of p?
3, 17
Let n = 1533 + -602. Suppose 833 = 28*a - n. List the prime factors of a.
3, 7
Let z be (-2)/(-16)*-2 - (-31)/(-4). Let w(b) = -b**3 - 4*b**2 + 15*b + 3. What are the prime factors of w(z)?
139
Let k(h) be the first derivative of h**4/4 - 5*h**3/3 + 9*h**2/2 - 8*h - 7. Let v be k(4). Suppose -14*t = -v*t - 244. What are the prime factors of t?
2, 61
Suppose -38*d + 18*d = 280. What are the prime factors of (-5260)/d + (-4)/(-14)?
2, 47
Let x(r) = 32*r**2 - 3*r - 6. Let t be x(-2). Suppose t + 42 = h - 3*y, -3*h + 524 = 5*y. List the prime factors of h.
173
Let u = 897 + -78. Let h = u - 146. Suppose 1853 = 10*l + h. What are the prime factors of l?
2, 59
Let k(d) = 7*d**2 - 2*d + 4. Let v(n) = -7*n**2 + 2*n - 3. Let j(x) = 6*k(x) + 5*v(x). What are the prime factors of j(3)?
2, 3, 11
Let i(h) = 20*h**2 - 3*h - 35. Let a(z) = -8*z**2 + 8*z + 9. Let f be a(-1). What are the prime factors of i(f)?
2, 3, 7, 23
Let w(l) be the third derivative of 115*l**4/24 + l**3 - 9*l**2. Let b be w(2). Suppose b = x + 3*x. What are the prime factors of x?
59
Suppose 33*w = 27*w - 1944. Let x = w + 366. What are the prime factors of x?
2, 3, 7
Suppose -1314 = -a + 4*g - 0*g, 3*g = -a + 1286. Suppose -2*w = -r - a, 2*w + r = 5*r + 1304. What are the prime factors of w?
2, 3
Suppose -3*j = -2*a + 540, 4*a - 3*j - 458 = 616. Let x = -246 + a. What are the prime factors of x?
3, 7
Let b = -5069 + 5708. What are the prime factors of b?
3, 71
What are the prime factors of (99020/30 - 15/9) + -1?
2, 17, 97
Let f = -4064 - -8026. List the prime factors of (6/21)/(4/f).
283
Suppose -1036*d + 15598 = -1034*d. List the prime factors of d.
11, 709
Let u(v) = 49*v**2 + 4*v - 9. Suppose 4 = y + 3, 5*p + 3*y + 12 = 0. List the prime factors of u(p).
2, 3, 5, 7
Let r(p) = p**2 + 24*p + 4165. What are the prime factors of r(-53)?
2, 2851
Let s = -10362 - -17990. List the prime factors of s.
2, 1907
Suppose 21*q - 29*q + 160 = 0. Suppose -q*d = -14983 - 6817. What are the prime factors of d?
2, 5, 109
Suppose -8*z + 26592 + 30048 = -i, -35429 = -5*z - 3*i. What are the prime factors of z?
73, 97
Let o = 249 + 100. Let i = o + -237. What are the prime factors of i?
2, 7
Suppose -29 = -5*w - 2*m, 2*w + 13 = 3*m + 17. Suppose -727 = -w*u + 98. List the prime factors of u.
3, 5, 11
Let m be 4/16*164 - 6. What are the prime factors of (-2127)/(-5) + ((-28)/m)/2?
5, 17
Let y = -61 - -77. Suppose -y*p + 1626 = -13*p. What are the prime factors of p?
2, 271
Let t be (-3)/(-1 - 3/(-6)*-4). Let c(x) = 252*x + 9. Let g(a) = 126*a + 4. Let m(h) = -3*c(h) + 7*g(h). List the prime factors of m(t).
127
Let w(y) be the second derivative of -y**5/20 - 11*y**4/12 + 31*y**3/6 - 11*y**2/2 + 22*y. List the prime factors of w(-14).
11, 13
Let t be (-47850)/(-16) - (-42)/112. Let l = t - 976. List the prime factors of l.
5, 13, 31
Let c be -4*(48/(-40))/(20/25). Let n(m) = 8*m**3 - m**2 + 6*m - 32. List the prime factors of n(c).
2, 53
Suppose 445*m - 442*m = 5214. What are the prime factors of m?
2, 11, 79
Let y = -4667 - -4659. Let a(g) = 3*g**2 + 8*g - 12. Let i(s) = -1. Let d(j) = a(j) + 5*i(j). List the prime factors of d(y).
3, 37
What are the prime factors of (-118768)/(-18) - 53/(8109/34)?
2, 3299
Let w = -391 - -796. Suppose 145 = -2*o + w. List the prime factors of o.
2, 5, 13
Let g be 2 + (-4)/1 + -11858. What are the prime factors of (-5)/30 + g/(-24)?
2, 13, 19
Suppose -33*a - 20*a + 239976 = -9*a. List the prime factors of a.
2, 3, 101
Let w(g) = -2*g**2 + 4*g + 10. Let r be w(3). Let j be (-2)/r*-4 + (4 - 2). Suppose -j*y = -5*y + 144. List the prime factors of y.
2, 3
Suppose 23*b - 103 + 11 = 0. Suppose -3*p + 409 = -b*n, 274 = -p + 3*p - 3*n. What are the prime factors of p?
131
Let x(d) = d**2 - 30*d + 31. Let k be x(11). Let z = 191 + k. List the prime factors of z.
13
Suppose -27*u + 137141 - 116396 = -308007. List the prime factors of u.
2, 761
Let o be (1 - 1)/(15 + -17). Suppose 2*m - i - 2049 = 0, o*m + 4*m = 5*i + 4113. What are the prime factors of m?
2, 7, 73
Suppose 146 = -t - 0*t. Suppose 24*m - 26*m = 6, 4*m - 36 = 2*r. Let g = r - t. What are the prime factors of g?
2, 61
List the prime factors of (68/6)/((-54)/(-288036)).
2, 7, 17, 127
Let c be (-3)/(((-36)/112)/((-72)/21)). Let n = 221 - c. Let g = n + -174. What are the prime factors of g?
79
Let b(u) = 26*u**3 - 7*u**2 - 15*u - 10. Let i be b(-3). Let j = i - -1364. List the prime factors of j.
2, 317
Let t(g) = -g**2 + g - 2. Let y be t(-3). What are the prime factors of -1*(y/(-2) + -614)?
607
Let z(h) = -h**3 + 18*h**2 - 18*h + 33. Let k be z(17). List the prime factors of (936/32*-2)/((-3)/k).
2, 3, 13
Suppose 0 = -6*l - 9097 + 30727. Suppose 21*x + l = 14378. What are the prime factors of x?
3, 19
Let p(r) = r**3 + 4*r**2 - 10. Let f be p(-3). What are the prime factors of 478 + 7/7*f?
3, 53
Suppose 372 = 46*c - 15*c. Suppose -c*o = 3805 - 18901. What are the prime factors of o?
2, 17, 37
Suppose 24*r - 12*r - 301560 = 0. What are the prime factors of r?
2, 5, 7, 359
Suppose -4*a - 3*n - 87924 = 0, 3*a - 2*a + n + 21980 = 0. What a